{"id":5355,"date":"2025-11-30T05:00:44","date_gmt":"2025-11-30T04:00:44","guid":{"rendered":"https:\/\/www.montreuxjazzshop.com\/?post_type=product&#038;p=5355"},"modified":"2026-01-14T11:25:05","modified_gmt":"2026-01-14T10:25:05","slug":"porte-cles-mini-sac-banane","status":"publish","type":"product","link":"https:\/\/www.montreuxjazzshop.com\/fr\/boutique\/accessoires\/habitat\/porte-cles-mini-sac-banane\/","title":{"rendered":"Porte-cl\u00e9s Mini Sac Banane"},"content":{"rendered":"<ul>\n<li>Dimensions produit : L12 \/ H5 X 3 cm (longueur total du porte-cl\u00e9s : 20cm)<\/li>\n<li>Grammage : 350g\/m2<\/li>\n<\/ul>\n","protected":false},"excerpt":{"rendered":"<p>Ne perdez plus vos cl\u00e9s au fond de votre sac! Ce porte-cl\u00e9s en forme de sac banane est aussi pratique qu\u2019astucieux. Gr\u00e2ce \u00e0 sa fermeture \u00e9clair, il accueille vos petits essentiels en toute s\u00e9curit\u00e9: baume \u00e0 l\u00e8vres, \u00e9couteurs, bonbons\u2026 chacun y glissera son indispensable. Son anneau argent\u00e9 permet d\u2019y attacher facilement votre trousseau.<\/p>\n<p>Confectionn\u00e9 en coton 100 % bio certifi\u00e9 GOTS, sans doublure, ce mod\u00e8le est fabriqu\u00e9 de fa\u00e7on artisanale et \u00e9thique.<\/p>\n","protected":false},"featured_media":5416,"template":"","meta":{"_acf_changed":false},"artist":[],"artist-category":[],"edition":[],"product_brand":[],"product_cat":[325,340,345],"product_tag":[],"class_list":{"0":"post-5355","1":"product","2":"type-product","3":"status-publish","4":"has-post-thumbnail","6":"product_cat-accessoires","7":"product_cat-habitat","8":"product_cat-highlights","9":"product_shipping_class-petits-objets-et-dvd","11":"first","12":"instock","13":"taxable","14":"shipping-taxable","15":"purchasable","16":"product-type-variable","17":"wvs-archive-product-wrapper"},"bundled_by":[],"bundle_stock_status":"instock","bundle_stock_quantity":null,"bundle_virtual":false,"bundle_layout":"","bundle_add_to_cart_form_location":"","bundle_editable_in_cart":false,"bundle_sold_individually_context":"","bundle_item_grouping":"","bundle_min_size":"","bundle_max_size":"","bundle_price":[],"bundled_items":[],"bundle_sell_ids":[],"acf":[],"yoast_head":"<!-- This site is optimized with the Yoast SEO Premium plugin v26.4 (Yoast SEO v27.4) - https:\/\/yoast.com\/product\/yoast-seo-premium-wordpress\/ -->\n<title>Porte-cl\u00e9s Mini Sac Banane - Montreux Jazz Festival Shop<\/title>\n<meta name=\"description\" content=\"Porte-cl\u00e9s en forme de mini sac banane est aussi pratique qu\u2019astucieux. Pour vos petits essentiels. Existe en plusieurs coloris. Montreux Jazz Music Festival.\" \/>\n<meta name=\"robots\" content=\"index, follow, max-snippet:-1, max-image-preview:large, max-video-preview:-1\" \/>\n<link rel=\"canonical\" href=\"https:\/\/www.montreuxjazzshop.com\/fr\/boutique\/accessoires\/habitat\/porte-cles-mini-sac-banane\/\" \/>\n<meta property=\"og:locale\" content=\"fr_FR\" \/>\n<meta property=\"og:type\" content=\"article\" \/>\n<meta property=\"og:title\" content=\"Porte-cl\u00e9s Mini Sac Banane\" \/>\n<meta property=\"og:description\" content=\"Porte-cl\u00e9s en forme de mini sac banane est aussi pratique qu\u2019astucieux. Pour vos petits essentiels. Existe en plusieurs coloris. Montreux Jazz Music Festival.\" \/>\n<meta property=\"og:url\" content=\"https:\/\/www.montreuxjazzshop.com\/fr\/boutique\/accessoires\/habitat\/porte-cles-mini-sac-banane\/\" \/>\n<meta property=\"og:site_name\" content=\"Montreux Jazz Festival Shop\" \/>\n<meta property=\"article:publisher\" content=\"https:\/\/www.facebook.com\/montreuxjazzfestival\" \/>\n<meta property=\"article:modified_time\" content=\"2026-01-14T10:25:05+00:00\" \/>\n<meta property=\"og:image\" content=\"https:\/\/www.montreuxjazzshop.com\/wp-content\/uploads\/2025\/09\/MJF25-Shooting-MiniBanane-2.jpg\" \/>\n\t<meta property=\"og:image:width\" content=\"1500\" \/>\n\t<meta property=\"og:image:height\" content=\"1500\" \/>\n\t<meta property=\"og:image:type\" content=\"image\/jpeg\" \/>\n<meta name=\"twitter:card\" content=\"summary_large_image\" \/>\n<meta name=\"twitter:site\" content=\"@MontreuxJazz\" \/>\n<script type=\"application\/ld+json\" class=\"yoast-schema-graph\">{\"@context\":\"https:\\\/\\\/schema.org\",\"@graph\":[{\"@type\":\"WebPage\",\"@id\":\"https:\\\/\\\/www.montreuxjazzshop.com\\\/fr\\\/boutique\\\/accessoires\\\/habitat\\\/porte-cles-mini-sac-banane\\\/\",\"url\":\"https:\\\/\\\/www.montreuxjazzshop.com\\\/fr\\\/boutique\\\/accessoires\\\/habitat\\\/porte-cles-mini-sac-banane\\\/\",\"name\":\"Porte-cl\u00e9s Mini Sac Banane - Montreux Jazz Festival Shop\",\"isPartOf\":{\"@id\":\"https:\\\/\\\/www.montreuxjazzshop.com\\\/fr\\\/#website\"},\"primaryImageOfPage\":{\"@id\":\"https:\\\/\\\/www.montreuxjazzshop.com\\\/fr\\\/boutique\\\/accessoires\\\/habitat\\\/porte-cles-mini-sac-banane\\\/#primaryimage\"},\"image\":{\"@id\":\"https:\\\/\\\/www.montreuxjazzshop.com\\\/fr\\\/boutique\\\/accessoires\\\/habitat\\\/porte-cles-mini-sac-banane\\\/#primaryimage\"},\"thumbnailUrl\":\"https:\\\/\\\/www.montreuxjazzshop.com\\\/wp-content\\\/uploads\\\/2025\\\/09\\\/MJF25-Shooting-MiniBanane-2.jpg\",\"datePublished\":\"2025-11-30T04:00:44+00:00\",\"dateModified\":\"2026-01-14T10:25:05+00:00\",\"description\":\"Porte-cl\u00e9s en forme de mini sac banane est aussi pratique qu\u2019astucieux. Pour vos petits essentiels. Existe en plusieurs coloris. Montreux Jazz Music Festival.\",\"breadcrumb\":{\"@id\":\"https:\\\/\\\/www.montreuxjazzshop.com\\\/fr\\\/boutique\\\/accessoires\\\/habitat\\\/porte-cles-mini-sac-banane\\\/#breadcrumb\"},\"inLanguage\":\"fr-FR\",\"potentialAction\":[{\"@type\":\"ReadAction\",\"target\":[\"https:\\\/\\\/www.montreuxjazzshop.com\\\/fr\\\/boutique\\\/accessoires\\\/habitat\\\/porte-cles-mini-sac-banane\\\/\"]}]},{\"@type\":\"ImageObject\",\"inLanguage\":\"fr-FR\",\"@id\":\"https:\\\/\\\/www.montreuxjazzshop.com\\\/fr\\\/boutique\\\/accessoires\\\/habitat\\\/porte-cles-mini-sac-banane\\\/#primaryimage\",\"url\":\"https:\\\/\\\/www.montreuxjazzshop.com\\\/wp-content\\\/uploads\\\/2025\\\/09\\\/MJF25-Shooting-MiniBanane-2.jpg\",\"contentUrl\":\"https:\\\/\\\/www.montreuxjazzshop.com\\\/wp-content\\\/uploads\\\/2025\\\/09\\\/MJF25-Shooting-MiniBanane-2.jpg\",\"width\":1500,\"height\":1500,\"caption\":\"Cinq Porte-cl\u00e9s Mini Sac Banane color\u00e9s avec fermetures \u00e9clair et porte-cl\u00e9s sont align\u00e9s. Chaque pochette est \u00e9tiquet\u00e9e Montriex Est. France et disponibles en beige, marron, violet, vert et rouge - parfait pour les fans du Montreux Jazz.\"},{\"@type\":\"BreadcrumbList\",\"@id\":\"https:\\\/\\\/www.montreuxjazzshop.com\\\/fr\\\/boutique\\\/accessoires\\\/habitat\\\/porte-cles-mini-sac-banane\\\/#breadcrumb\",\"itemListElement\":[{\"@type\":\"ListItem\",\"position\":1,\"name\":\"Accueil\",\"item\":\"https:\\\/\\\/www.montreuxjazzshop.com\\\/fr\\\/\"},{\"@type\":\"ListItem\",\"position\":2,\"name\":\"Boutique\",\"item\":\"https:\\\/\\\/www.montreuxjazzshop.com\\\/fr\\\/boutique\\\/\"},{\"@type\":\"ListItem\",\"position\":3,\"name\":\"Porte-cl\u00e9s Mini Sac Banane\"}]},{\"@type\":\"WebSite\",\"@id\":\"https:\\\/\\\/www.montreuxjazzshop.com\\\/fr\\\/#website\",\"url\":\"https:\\\/\\\/www.montreuxjazzshop.com\\\/fr\\\/\",\"name\":\"Montreux Jazz Shop\",\"description\":\"The Montreux Jazz Festival shop\",\"potentialAction\":[{\"@type\":\"SearchAction\",\"target\":{\"@type\":\"EntryPoint\",\"urlTemplate\":\"https:\\\/\\\/www.montreuxjazzshop.com\\\/fr\\\/?s={search_term_string}\"},\"query-input\":{\"@type\":\"PropertyValueSpecification\",\"valueRequired\":true,\"valueName\":\"search_term_string\"}}],\"inLanguage\":\"fr-FR\"}]}<\/script>\n<meta property=\"og:availability\" content=\"instock\" \/>\n<meta property=\"product:availability\" content=\"instock\" \/>\n<meta property=\"product:retailer_item_id\" content=\"3030200002025\" \/>\n<meta property=\"product:condition\" content=\"new\" \/>\n<!-- \/ Yoast SEO Premium plugin. -->","yoast_head_json":{"title":"Porte-cl\u00e9s Mini Sac Banane - Montreux Jazz Festival Shop","description":"Porte-cl\u00e9s en forme de mini sac banane est aussi pratique qu\u2019astucieux. Pour vos petits essentiels. Existe en plusieurs coloris. Montreux Jazz Music Festival.","robots":{"index":"index","follow":"follow","max-snippet":"max-snippet:-1","max-image-preview":"max-image-preview:large","max-video-preview":"max-video-preview:-1"},"canonical":"https:\/\/www.montreuxjazzshop.com\/fr\/boutique\/accessoires\/habitat\/porte-cles-mini-sac-banane\/","og_locale":"fr_FR","og_type":"article","og_title":"Porte-cl\u00e9s Mini Sac Banane","og_description":"Porte-cl\u00e9s en forme de mini sac banane est aussi pratique qu\u2019astucieux. Pour vos petits essentiels. Existe en plusieurs coloris. Montreux Jazz Music Festival.","og_url":"https:\/\/www.montreuxjazzshop.com\/fr\/boutique\/accessoires\/habitat\/porte-cles-mini-sac-banane\/","og_site_name":"Montreux Jazz Festival Shop","article_publisher":"https:\/\/www.facebook.com\/montreuxjazzfestival","article_modified_time":"2026-01-14T10:25:05+00:00","og_image":[{"width":1500,"height":1500,"url":"https:\/\/www.montreuxjazzshop.com\/wp-content\/uploads\/2025\/09\/MJF25-Shooting-MiniBanane-2.jpg","type":"image\/jpeg"}],"twitter_card":"summary_large_image","twitter_site":"@MontreuxJazz","schema":{"@context":"https:\/\/schema.org","@graph":[{"@type":"WebPage","@id":"https:\/\/www.montreuxjazzshop.com\/fr\/boutique\/accessoires\/habitat\/porte-cles-mini-sac-banane\/","url":"https:\/\/www.montreuxjazzshop.com\/fr\/boutique\/accessoires\/habitat\/porte-cles-mini-sac-banane\/","name":"Porte-cl\u00e9s Mini Sac Banane - Montreux Jazz Festival Shop","isPartOf":{"@id":"https:\/\/www.montreuxjazzshop.com\/fr\/#website"},"primaryImageOfPage":{"@id":"https:\/\/www.montreuxjazzshop.com\/fr\/boutique\/accessoires\/habitat\/porte-cles-mini-sac-banane\/#primaryimage"},"image":{"@id":"https:\/\/www.montreuxjazzshop.com\/fr\/boutique\/accessoires\/habitat\/porte-cles-mini-sac-banane\/#primaryimage"},"thumbnailUrl":"https:\/\/www.montreuxjazzshop.com\/wp-content\/uploads\/2025\/09\/MJF25-Shooting-MiniBanane-2.jpg","datePublished":"2025-11-30T04:00:44+00:00","dateModified":"2026-01-14T10:25:05+00:00","description":"Porte-cl\u00e9s en forme de mini sac banane est aussi pratique qu\u2019astucieux. Pour vos petits essentiels. Existe en plusieurs coloris. Montreux Jazz Music Festival.","breadcrumb":{"@id":"https:\/\/www.montreuxjazzshop.com\/fr\/boutique\/accessoires\/habitat\/porte-cles-mini-sac-banane\/#breadcrumb"},"inLanguage":"fr-FR","potentialAction":[{"@type":"ReadAction","target":["https:\/\/www.montreuxjazzshop.com\/fr\/boutique\/accessoires\/habitat\/porte-cles-mini-sac-banane\/"]}]},{"@type":"ImageObject","inLanguage":"fr-FR","@id":"https:\/\/www.montreuxjazzshop.com\/fr\/boutique\/accessoires\/habitat\/porte-cles-mini-sac-banane\/#primaryimage","url":"https:\/\/www.montreuxjazzshop.com\/wp-content\/uploads\/2025\/09\/MJF25-Shooting-MiniBanane-2.jpg","contentUrl":"https:\/\/www.montreuxjazzshop.com\/wp-content\/uploads\/2025\/09\/MJF25-Shooting-MiniBanane-2.jpg","width":1500,"height":1500,"caption":"Cinq Porte-cl\u00e9s Mini Sac Banane color\u00e9s avec fermetures \u00e9clair et porte-cl\u00e9s sont align\u00e9s. Chaque pochette est \u00e9tiquet\u00e9e Montriex Est. France et disponibles en beige, marron, violet, vert et rouge - parfait pour les fans du Montreux Jazz."},{"@type":"BreadcrumbList","@id":"https:\/\/www.montreuxjazzshop.com\/fr\/boutique\/accessoires\/habitat\/porte-cles-mini-sac-banane\/#breadcrumb","itemListElement":[{"@type":"ListItem","position":1,"name":"Accueil","item":"https:\/\/www.montreuxjazzshop.com\/fr\/"},{"@type":"ListItem","position":2,"name":"Boutique","item":"https:\/\/www.montreuxjazzshop.com\/fr\/boutique\/"},{"@type":"ListItem","position":3,"name":"Porte-cl\u00e9s Mini Sac Banane"}]},{"@type":"WebSite","@id":"https:\/\/www.montreuxjazzshop.com\/fr\/#website","url":"https:\/\/www.montreuxjazzshop.com\/fr\/","name":"Montreux Jazz Shop","description":"The Montreux Jazz Festival shop","potentialAction":[{"@type":"SearchAction","target":{"@type":"EntryPoint","urlTemplate":"https:\/\/www.montreuxjazzshop.com\/fr\/?s={search_term_string}"},"query-input":{"@type":"PropertyValueSpecification","valueRequired":true,"valueName":"search_term_string"}}],"inLanguage":"fr-FR"}]},"og_availability":"instock","product_availability":"instock","product_retailer_item_id":"3030200002025","product_condition":"new"},"_links":{"self":[{"href":"https:\/\/www.montreuxjazzshop.com\/fr\/wp-json\/wp\/v2\/product\/5355","targetHints":{"allow":["GET"]}}],"collection":[{"href":"https:\/\/www.montreuxjazzshop.com\/fr\/wp-json\/wp\/v2\/product"}],"about":[{"href":"https:\/\/www.montreuxjazzshop.com\/fr\/wp-json\/wp\/v2\/types\/product"}],"wp:featuredmedia":[{"embeddable":true,"href":"https:\/\/www.montreuxjazzshop.com\/fr\/wp-json\/wp\/v2\/media\/5416"}],"wp:attachment":[{"href":"https:\/\/www.montreuxjazzshop.com\/fr\/wp-json\/wp\/v2\/media?parent=5355"}],"wp:term":[{"taxonomy":"artist","embeddable":true,"href":"https:\/\/www.montreuxjazzshop.com\/fr\/wp-json\/wp\/v2\/artist?post=5355"},{"taxonomy":"artist-category","embeddable":true,"href":"https:\/\/www.montreuxjazzshop.com\/fr\/wp-json\/wp\/v2\/artist-category?post=5355"},{"taxonomy":"edition","embeddable":true,"href":"https:\/\/www.montreuxjazzshop.com\/fr\/wp-json\/wp\/v2\/edition?post=5355"},{"taxonomy":"product_brand","embeddable":true,"href":"https:\/\/www.montreuxjazzshop.com\/fr\/wp-json\/wp\/v2\/product_brand?post=5355"},{"taxonomy":"product_cat","embeddable":true,"href":"https:\/\/www.montreuxjazzshop.com\/fr\/wp-json\/wp\/v2\/product_cat?post=5355"},{"taxonomy":"product_tag","embeddable":true,"href":"https:\/\/www.montreuxjazzshop.com\/fr\/wp-json\/wp\/v2\/product_tag?post=5355"}],"curies":[{"name":"wp","href":"https:\/\/api.w.org\/{rel}","templated":true}]}}

Porte-clés Mini Sac Banane

<ul>
<li>Dimensions produit : L12 / H5 X 3 cm (longueur total du porte-clés : 20cm)</li>
<li>Grammage : 350g/m2</li>
</ul>

<p>Ne perdez plus vos clés au fond de votre sac! Ce porte-clés en forme de sac banane est aussi pratique qu’astucieux. Grâce à sa fermeture éclair, il accueille vos petits essentiels en toute sécurité: baume à lèvres, écouteurs, bonbons… chacun y glissera son indispensable. Son anneau argenté permet d’y attacher facilement votre trousseau.</p>
<p>Confectionné en coton 100 % bio certifié GOTS, sans doublure, ce modèle est fabriqué de façon artisanale et éthique.</p>

<!-- This site is optimized with the Yoast SEO Premium plugin v26.4 (Yoast SEO v27.4) - https://yoast.com/product/yoast-seo-premium-wordpress/ -->
<title>Porte-clés Mini Sac Banane - Montreux Jazz Festival Shop</title>
<meta name="description" content="Porte-clés en forme de mini sac banane est aussi pratique qu’astucieux. Pour vos petits essentiels. Existe en plusieurs coloris. Montreux Jazz Music Festival." />
<meta name="robots" content="index, follow, max-snippet:-1, max-image-preview:large, max-video-preview:-1" />
<link rel="canonical" href="https://www.montreuxjazzshop.com/fr/boutique/accessoires/habitat/porte-cles-mini-sac-banane/" />
<meta property="og:locale" content="fr_FR" />
<meta property="og:type" content="article" />
<meta property="og:title" content="Porte-clés Mini Sac Banane" />
<meta property="og:description" content="Porte-clés en forme de mini sac banane est aussi pratique qu’astucieux. Pour vos petits essentiels. Existe en plusieurs coloris. Montreux Jazz Music Festival." />
<meta property="og:url" content="https://www.montreuxjazzshop.com/fr/boutique/accessoires/habitat/porte-cles-mini-sac-banane/" />
<meta property="og:site_name" content="Montreux Jazz Festival Shop" />
<meta property="article:publisher" content="https://www.facebook.com/montreuxjazzfestival" />
<meta property="article:modified_time" content="2026-01-14T10:25:05+00:00" />
<meta property="og:image" content="https://www.montreuxjazzshop.com/wp-content/uploads/2025/09/MJF25-Shooting-MiniBanane-2.jpg" />
	<meta property="og:image:width" content="1500" />
	<meta property="og:image:height" content="1500" />
	<meta property="og:image:type" content="image/jpeg" />
<meta name="twitter:card" content="summary_large_image" />
<meta name="twitter:site" content="@MontreuxJazz" />
<script type="application/ld+json" class="yoast-schema-graph">{"@context":"https:\/\/schema.org","@graph":[{"@type":"WebPage","@id":"https:\/\/www.montreuxjazzshop.com\/fr\/boutique\/accessoires\/habitat\/porte-cles-mini-sac-banane\/","url":"https:\/\/www.montreuxjazzshop.com\/fr\/boutique\/accessoires\/habitat\/porte-cles-mini-sac-banane\/","name":"Porte-clés Mini Sac Banane - Montreux Jazz Festival Shop","isPartOf":{"@id":"https:\/\/www.montreuxjazzshop.com\/fr\/#website"},"primaryImageOfPage":{"@id":"https:\/\/www.montreuxjazzshop.com\/fr\/boutique\/accessoires\/habitat\/porte-cles-mini-sac-banane\/#primaryimage"},"image":{"@id":"https:\/\/www.montreuxjazzshop.com\/fr\/boutique\/accessoires\/habitat\/porte-cles-mini-sac-banane\/#primaryimage"},"thumbnailUrl":"https:\/\/www.montreuxjazzshop.com\/wp-content\/uploads\/2025\/09\/MJF25-Shooting-MiniBanane-2.jpg","datePublished":"2025-11-30T04:00:44+00:00","dateModified":"2026-01-14T10:25:05+00:00","description":"Porte-clés en forme de mini sac banane est aussi pratique qu’astucieux. Pour vos petits essentiels. Existe en plusieurs coloris. Montreux Jazz Music Festival.","breadcrumb":{"@id":"https:\/\/www.montreuxjazzshop.com\/fr\/boutique\/accessoires\/habitat\/porte-cles-mini-sac-banane\/#breadcrumb"},"inLanguage":"fr-FR","potentialAction":[{"@type":"ReadAction","target":["https:\/\/www.montreuxjazzshop.com\/fr\/boutique\/accessoires\/habitat\/porte-cles-mini-sac-banane\/"]}]},{"@type":"ImageObject","inLanguage":"fr-FR","@id":"https:\/\/www.montreuxjazzshop.com\/fr\/boutique\/accessoires\/habitat\/porte-cles-mini-sac-banane\/#primaryimage","url":"https:\/\/www.montreuxjazzshop.com\/wp-content\/uploads\/2025\/09\/MJF25-Shooting-MiniBanane-2.jpg","contentUrl":"https:\/\/www.montreuxjazzshop.com\/wp-content\/uploads\/2025\/09\/MJF25-Shooting-MiniBanane-2.jpg","width":1500,"height":1500,"caption":"Cinq Porte-clés Mini Sac Banane colorés avec fermetures éclair et porte-clés sont alignés. Chaque pochette est étiquetée Montriex Est. France et disponibles en beige, marron, violet, vert et rouge - parfait pour les fans du Montreux Jazz."},{"@type":"BreadcrumbList","@id":"https:\/\/www.montreuxjazzshop.com\/fr\/boutique\/accessoires\/habitat\/porte-cles-mini-sac-banane\/#breadcrumb","itemListElement":[{"@type":"ListItem","position":1,"name":"Accueil","item":"https:\/\/www.montreuxjazzshop.com\/fr\/"},{"@type":"ListItem","position":2,"name":"Boutique","item":"https:\/\/www.montreuxjazzshop.com\/fr\/boutique\/"},{"@type":"ListItem","position":3,"name":"Porte-clés Mini Sac Banane"}]},{"@type":"WebSite","@id":"https:\/\/www.montreuxjazzshop.com\/fr\/#website","url":"https:\/\/www.montreuxjazzshop.com\/fr\/","name":"Montreux Jazz Shop","description":"The Montreux Jazz Festival shop","potentialAction":[{"@type":"SearchAction","target":{"@type":"EntryPoint","urlTemplate":"https:\/\/www.montreuxjazzshop.com\/fr\/?s={search_term_string}"},"query-input":{"@type":"PropertyValueSpecification","valueRequired":true,"valueName":"search_term_string"}}],"inLanguage":"fr-FR"}]}</script>
<meta property="og:availability" content="instock" />
<meta property="product:availability" content="instock" />
<meta property="product:retailer_item_id" content="3030200002025" />
<meta property="product:condition" content="new" />
<!-- / Yoast SEO Premium plugin. -->

Porte-clés Mini Sac Banane - Montreux Jazz Festival Shop

Porte-clés en forme de mini sac banane est aussi pratique qu’astucieux. Pour vos petits essentiels. Existe en plusieurs coloris. Montreux Jazz Music Festival.

Cinq Porte-clés Mini Sac Banane colorés avec fermetures éclair et porte-clés sont alignés. Chaque pochette est étiquetée Montriex Est. France et disponibles en beige, marron, violet, vert et rouge - parfait pour les fans du Montreux Jazz.
